{"id":183,"date":"2012-05-16T21:30:06","date_gmt":"2012-05-16T21:30:06","guid":{"rendered":"http:\/\/multimedia-networks.de\/mmn001\/?page_id=183"},"modified":"2012-05-16T23:09:28","modified_gmt":"2012-05-16T23:09:28","slug":"uber-uns","status":"publish","type":"page","link":"https:\/\/multimedia-networks.de\/mmn001\/?page_id=183","title":{"rendered":"\u00dcber uns"},"content":{"rendered":"<p>Die Firma Multimedia Networks ber\u00e4t seit 1991 Unternehmen, gemeinn\u00fctzige Organisationen, Beh\u00f6rden und Privatkunden beim Einsatz von Informationstechnologien.<\/p>\n<p>F\u00fcr die meisten Kunden ist es nicht m\u00f6glich, den \u00dcberblick \u00fcber die M\u00f6glichkeiten des Einsatzes moderner Informationstechnologien zu behalten und sich st\u00e4ndig zu informieren, welche Technologien f\u00fcr ihr Unternehmen die geeigneten sind. An dieser Stelle beginnt unsere Arbeit. Wir beraten \u00fcber die m\u00f6gliche Verwendung dieser Technologie zu einem bestm\u00f6glichen Preis-\/Leistungsverh\u00e4ltnis. Dabei gehen wir immer von dem Problem des Kunden aus und versuchen, die neuen Technologien zum gr\u00f6\u00dftm\u00f6glichen Nutzen des Kunden auszusuchen und zu implementieren. Unser Portfolio umfasst u.a. die Beratung in folgende Bereichen:<\/p>\n<ul>\n<li>Lokales Netzwerk: Aufbau, Erweiterung, Instandhaltung<\/li>\n<li>Netzwerkserver (Datei-\/Datenbank-\/Sicherungsserver)<\/li>\n<li>Ausstattung der Netzwerkarbeitspl\u00e4tze inkl. Einbindung mobiler Ger\u00e4te<\/li>\n<li>Planung von Backup-Systemen<\/li>\n<li>Fernwartung der Server und Workstations<\/li>\n<li>Beratung und Verkauf von Hard- und Software je nach Verwendungszweck<\/li>\n<li>Webdesign<\/li>\n<\/ul>\n<p>Wir planen und realisieren die Projekte nach Kundenwunsch. Je nach Anforderungen liefern und installieren wir die gew\u00fcnschte Hard- und Software oder erarbeiten Vorschl\u00e4ge zur Durchf\u00fchrung der Arbeiten durch Fremdfirmen.<\/p>\n<p>Es ist auch m\u00f6glich, nur die Hardware, Software und Zubeh\u00f6r direkt bei uns zu beziehen. Auch in diesem Fall legen wir Wert auf eine ma\u00dfgeschneiderte L\u00f6sung. Hierzu geh\u00f6ren u.a folgende Produkte:<\/p>\n<ul>\n<li>Office-PCs<\/li>\n<li>CAD-Workstations<\/li>\n<li>Server nahezu jeglicher Art (Mikro-Server, NAS-Server, Dateiserver etc.)<\/li>\n<li>Gaming PCs<\/li>\n<li>HTPCs (Home Theater Personal Computer)<\/li>\n<li>Notebooks, Netbooks, Ultrabooks<\/li>\n<li>Tablet-PCs<\/li>\n<li>Smartphones<\/li>\n<li>Zubeh\u00f6r (Monitore, Drucker etc.) und Verbrauchsmaterial<\/li>\n<\/ul>\n<p>Bei unseren Produkten legen wir besonderen Wert auf die Wirtschaftlichkeit, Energieeffizienz und Umweltvertr\u00e4glichkeit. W\u00fcnsche diesbez\u00fcglich werden so weit wie m\u00f6glich ber\u00fccksichtigt. Kunden d\u00fcrfen uns auch gerne ihre ausgemusterte Hardware bringen. Wir entsorgen diese fachgerecht und sorgen bei Bedarf f\u00fcr eine zuverl\u00e4ssige Vernichtung der Daten.<\/p>\n<p>Auch der After-Sales-Service kommt nicht zu kurz. Wir f\u00fchren Wartungs- und Reparaturarbeiten durch und beraten bei Erweiterungsm\u00f6glichkeiten. Auch wenn die Hardware nicht \u00fcber uns bezogen wurde, sehen wir uns gerne ihr Problem an und werden es bestm\u00f6glich l\u00f6sen.<\/p>\n","protected":false},"excerpt":{"rendered":"<p>Die Firma Multimedia Networks ber\u00e4t seit 1991 Unternehmen, gemeinn\u00fctzige Organisationen, Beh\u00f6rden und Privatkunden beim Einsatz von Informationstechnologien. F\u00fcr die meisten Kunden ist es nicht m\u00f6glich, den \u00dcberblick \u00fcber die M\u00f6glichkeiten des Einsatzes moderner Informationstechnologien zu behalten und sich st\u00e4ndig zu informieren, welche Technologien f\u00fcr ihr Unternehmen die geeigneten sind. An dieser Stelle beginnt unsere Arbeit. &hellip; <\/p>\n<p><a class=\"more-link btn\" href=\"https:\/\/multimedia-networks.de\/mmn001\/?page_id=183\">Weiterlesen<\/a><\/p>\n","protected":false},"author":1,"featured_media":0,"parent":0,"menu_order":0,"comment_status":"closed","ping_status":"open","template":"","meta":{"ngg_post_thumbnail":0,"footnotes":""},"class_list":["post-183","page","type-page","status-publish","hentry","nodate","item-wrap"],"_links":{"self":[{"href":"https:\/\/multimedia-networks.de\/mmn001\/index.php?rest_route=\/wp\/v2\/pages\/183","targetHints":{"allow":["GET"]}}],"collection":[{"href":"https:\/\/multimedia-networks.de\/mmn001\/index.php?rest_route=\/wp\/v2\/pages"}],"about":[{"href":"https:\/\/multimedia-networks.de\/mmn001\/index.php?rest_route=\/wp\/v2\/types\/page"}],"author":[{"embeddable":true,"href":"https:\/\/multimedia-networks.de\/mmn001\/index.php?rest_route=\/wp\/v2\/users\/1"}],"replies":[{"embeddable":true,"href":"https:\/\/multimedia-networks.de\/mmn001\/index.php?rest_route=%2Fwp%2Fv2%2Fcomments&post=183"}],"version-history":[{"count":4,"href":"https:\/\/multimedia-networks.de\/mmn001\/index.php?rest_route=\/wp\/v2\/pages\/183\/revisions"}],"predecessor-version":[{"id":194,"href":"https:\/\/multimedia-networks.de\/mmn001\/index.php?rest_route=\/wp\/v2\/pages\/183\/revisions\/194"}],"wp:attachment":[{"href":"https:\/\/multimedia-networks.de\/mmn001\/index.php?rest_route=%2Fwp%2Fv2%2Fmedia&parent=183"}],"curies":[{"name":"wp","href":"https:\/\/api.w.org\/{rel}","templated":true}]}}